{"id":39,"date":"2014-12-19T10:31:21","date_gmt":"2014-12-19T08:31:21","guid":{"rendered":"http:\/\/veijoolli.net\/?page_id=39"},"modified":"2020-07-28T11:01:25","modified_gmt":"2020-07-28T08:01:25","slug":"etusivu","status":"publish","type":"page","link":"https:\/\/veijoolli.net\/?page_id=39","title":{"rendered":"Info"},"content":{"rendered":"<p><a href=\"https:\/\/veijoolli.net\/wp-content\/uploads\/2014\/12\/Veijo2014.jpg\"><img loading=\"lazy\" decoding=\"async\" class=\"size-medium wp-image-66 alignright\" src=\"https:\/\/veijoolli.net\/wp-content\/uploads\/2014\/12\/Veijo2014-153x300.jpg\" alt=\"Veijo2014\" width=\"153\" height=\"300\" srcset=\"https:\/\/veijoolli.net\/wp-content\/uploads\/2014\/12\/Veijo2014-153x300.jpg 153w, https:\/\/veijoolli.net\/wp-content\/uploads\/2014\/12\/Veijo2014.jpg 460w\" sizes=\"auto, (max-width: 153px) 100vw, 153px\" \/><\/a><\/p>\n<p>Moikka!<\/p>\n<p>Saavuit kotisivuilleni &#8211; t\u00e4m\u00e4 on hieno juttu! Sivuillani on kaikenlaista, toivoisin ett\u00e4 enimm\u00e4kseen sellaista josta sinulle on jotain iloa.<\/p>\n<p>Olen syntynyt 1967 Keski-Suomessa, Saarij\u00e4rvell\u00e4 ja sielt\u00e4 ponnistanut maailmaan. Olen toiminut metallialalla niin suunnittelijana, koneistajana kuin asentajana. Olen ty\u00f6skennellyt my\u00f6s radiomedian parissa tuottaen viikottaisia radio-ohjelmia. Nyt k\u00e4yn kohti alkaneen vuosikymmenen mahdollisuuksia.<\/p>\n","protected":false},"excerpt":{"rendered":"<p>Moikka! Saavuit kotisivuilleni &#8211; t\u00e4m\u00e4 on hieno juttu! Sivuillani on kaikenlaista, toivoisin ett\u00e4 enimm\u00e4kseen sellaista josta sinulle on jotain iloa. Olen syntynyt 1967 Keski-Suomessa, Saarij\u00e4rvell\u00e4 ja sielt\u00e4 ponnistanut maailmaan. Olen toiminut metallialalla niin suunnittelijana, koneistajana kuin asentajana. Olen ty\u00f6skennellyt my\u00f6s &hellip; <a href=\"https:\/\/veijoolli.net\/?page_id=39\">Lue loppuun <span class=\"meta-nav\">&rarr;<\/span><\/a><\/p>\n","protected":false},"author":1,"featured_media":0,"parent":0,"menu_order":0,"comment_status":"closed","ping_status":"closed","template":"sidebar-page.php","meta":{"footnotes":""},"class_list":["post-39","page","type-page","status-publish","hentry"],"_links":{"self":[{"href":"https:\/\/veijoolli.net\/index.php?rest_route=\/wp\/v2\/pages\/39","targetHints":{"allow":["GET"]}}],"collection":[{"href":"https:\/\/veijoolli.net\/index.php?rest_route=\/wp\/v2\/pages"}],"about":[{"href":"https:\/\/veijoolli.net\/index.php?rest_route=\/wp\/v2\/types\/page"}],"author":[{"embeddable":true,"href":"https:\/\/veijoolli.net\/index.php?rest_route=\/wp\/v2\/users\/1"}],"replies":[{"embeddable":true,"href":"https:\/\/veijoolli.net\/index.php?rest_route=%2Fwp%2Fv2%2Fcomments&post=39"}],"version-history":[{"count":27,"href":"https:\/\/veijoolli.net\/index.php?rest_route=\/wp\/v2\/pages\/39\/revisions"}],"predecessor-version":[{"id":1161,"href":"https:\/\/veijoolli.net\/index.php?rest_route=\/wp\/v2\/pages\/39\/revisions\/1161"}],"wp:attachment":[{"href":"https:\/\/veijoolli.net\/index.php?rest_route=%2Fwp%2Fv2%2Fmedia&parent=39"}],"curies":[{"name":"wp","href":"https:\/\/api.w.org\/{rel}","templated":true}]}}