{"id":1395,"date":"2026-04-16T16:13:35","date_gmt":"2026-04-16T13:13:35","guid":{"rendered":"https:\/\/veijoolli.net\/?page_id=1395"},"modified":"2026-04-16T17:26:53","modified_gmt":"2026-04-16T14:26:53","slug":"puolet-petajaista","status":"publish","type":"page","link":"https:\/\/veijoolli.net\/","title":{"rendered":"PUOLET PET\u00c4J\u00c4IST\u00c4"},"content":{"rendered":"\n<figure class=\"wp-block-image size-full\"><a href=\"https:\/\/veijoolli.net\/wp-content\/uploads\/2026\/04\/Puolet-Petajaista-kansikuva_OK_ED.jpg\"><img loading=\"lazy\" decoding=\"async\" width=\"975\" height=\"580\" src=\"https:\/\/veijoolli.net\/wp-content\/uploads\/2026\/04\/Puolet-Petajaista-kansikuva_OK_ED.jpg\" alt=\"\" class=\"wp-image-1396\" srcset=\"https:\/\/veijoolli.net\/wp-content\/uploads\/2026\/04\/Puolet-Petajaista-kansikuva_OK_ED.jpg 975w, https:\/\/veijoolli.net\/wp-content\/uploads\/2026\/04\/Puolet-Petajaista-kansikuva_OK_ED-300x178.jpg 300w, https:\/\/veijoolli.net\/wp-content\/uploads\/2026\/04\/Puolet-Petajaista-kansikuva_OK_ED-768x457.jpg 768w, https:\/\/veijoolli.net\/wp-content\/uploads\/2026\/04\/Puolet-Petajaista-kansikuva_OK_ED-500x297.jpg 500w\" sizes=\"auto, (max-width: 975px) 100vw, 975px\" \/><\/a><\/figure>\n\n\n\n<p><strong>Siev\u00e4sen Silta &#8211; Puolet Pet\u00e4j\u00e4ist\u00e4<\/strong><\/p>\n\n\n\n<p>Talvella 2026 mieleni valtasi luovuus. Opin k\u00e4ytt\u00e4m\u00e4\u00e4n muutamaa teko\u00e4lyohjelmaa ja niill\u00e4 olin p\u00e4\u00e4tynyt tekem\u00e4\u00e4n musiikkia. Tein <strong>Kuva Putkiradiossa<\/strong> biisin videon kera. Ajattelin, ett\u00e4 teen muutaman biisin videon kera, tarkalleen trilogian. Seuraavana tein <strong>Uusi Alku<\/strong> biisin ja sen j\u00e4lkeen <strong>Enkeleit\u00e4 Matkassa<\/strong>. T\u00e4ss\u00e4 vaiheessa minulle tuli sellainen olo, ettei ehk\u00e4 ole hyv\u00e4 kaikille biiseille tehd\u00e4 videokerrontaa. N\u00e4in ajatellen julkaisin Enkeleit\u00e4 matkassa ilman varsinaista videota.<br><br>Kun trilogian olin saanut valmiiksi, runosuoni tuntui pulppuavan uusia tekstej\u00e4. Niinp\u00e4 sitten jatkoin biisien tekemist\u00e4 ja p\u00e4\u00e4dyin haastamaan itseni tekem\u00e4\u00e4n kokonaisen levyn. Levyss\u00e4h\u00e4n on jotain 9, 10 tai 11 kappaletta. Luomisprosessin tuntui kantavan kymmeneen biisiin, jonka j\u00e4lkeen v\u00e4\u00e4nsin hanan kiinni.<br><br>T\u00e4ss\u00e4 on t\u00e4m\u00e4n levyn tarina biisi biisilt\u00e4. K\u00e4yn biisit l\u00e4pi kuunteluj\u00e4rjestyksess\u00e4. Tied\u00e4n kyll\u00e4, ett\u00e4 nyky\u00e4\u00e4n ei v\u00e4ltt\u00e4m\u00e4tt\u00e4 kuunnella levyj\u00e4 j\u00e4rjestyksess\u00e4, mutta luomisprosessissa ja tarinan kaaressa j\u00e4rjestys on oltava.<\/p>\n\n\n\n<p>T\u00e4ss\u00e4 <a href=\"https:\/\/youtube.com\/playlist?list=PLrPQSPTGFJnx--7p5M8fp9RgISN8cXlsE&amp;si=fjiEOwuBW0pDCsN8\" target=\"_blank\" rel=\"noreferrer noopener\">linkki soittolistaan<\/a>, jolla voi kuunnella kappaleet levyn j\u00e4rjestyksess\u00e4.<br><br><strong>Puolet Pet\u00e4j\u00e4ist\u00e4<\/strong><\/p>\n\n\n\n<figure class=\"wp-block-embed is-type-video is-provider-youtube wp-block-embed-youtube wp-embed-aspect-4-3 wp-has-aspect-ratio\"><div class=\"wp-block-embed__wrapper\">\n<iframe loading=\"lazy\" title=\"Siev\u00e4sen Silta - Puolet Pet\u00e4j\u00e4ist\u00e4\" width=\"584\" height=\"438\" src=\"https:\/\/www.youtube.com\/embed\/X49DW-Omz_g?feature=oembed\" frameborder=\"0\" allow=\"accelerometer; autoplay; clipboard-write; encrypted-media; gyroscope; picture-in-picture; web-share\" referrerpolicy=\"strict-origin-when-cross-origin\" allowfullscreen><\/iframe>\n<\/div><\/figure>\n\n\n\n<p>Kun kasassa oli jo kuusi laulua, p\u00e4\u00e4ttelin, ett\u00e4 on aika tehd\u00e4 levyn avausraita. Niinp\u00e4 sitten k\u00e4vin kirjoittelemaan sit\u00e4. Ensimm\u00e4isen sanoituksen tuotin valmiiksi biisiksi asti, mutta en ollut siihen tyytyv\u00e4inen. Siit\u00e4 puuttui se jokin, jota biiseihin halusin. Sitten istuin radion \u00e4\u00e4ress\u00e4. Er\u00e4s kolumnisti kertoi Paavosta, joka laittoi leip\u00e4\u00e4n puolet pet\u00e4j\u00e4ist\u00e4. Oli pula-aika ja niin saatiin jatkettua leip\u00e4jauhoja. No, Paavo aikojen parannuttua jatkoi viel\u00e4 pet\u00e4j\u00e4isell\u00e4 jatkamista, jotta leivist\u00e4 p\u00e4\u00e4sisi naapuritkin osalliseksi. T\u00e4m\u00e4 juttu kolahti. Toki olin Paavon tarinaa el\u00e4ess\u00e4ni ennenkin kuullut, mutta nyt se tuli voimalla kohti ja laitoin koko laulun sanoituksen uudeksi. Oivalsin, ett\u00e4 se jokin, mit\u00e4 halusin lauluihin saada, oli juuri<strong> Puolet Pet\u00e4j\u00e4ist\u00e4<\/strong>. Niinp\u00e4 sitten syntyi avausraita ja se antoi koko levylle nimen. Alkuper\u00e4isest\u00e4 versiosta ei j\u00e4\u00e4nyt sanaakaan j\u00e4ljelle siihen.<\/p>\n\n\n\n<p><strong>Luokkaretkell\u00e4<\/strong><\/p>\n\n\n\n<figure class=\"wp-block-embed is-type-video is-provider-youtube wp-block-embed-youtube wp-embed-aspect-4-3 wp-has-aspect-ratio\"><div class=\"wp-block-embed__wrapper\">\n<iframe loading=\"lazy\" title=\"Siev\u00e4sen Silta - Luokkaretkell\u00e4\" width=\"584\" height=\"438\" src=\"https:\/\/www.youtube.com\/embed\/-tS3_CL4sgU?feature=oembed\" frameborder=\"0\" allow=\"accelerometer; autoplay; clipboard-write; encrypted-media; gyroscope; picture-in-picture; web-share\" referrerpolicy=\"strict-origin-when-cross-origin\" allowfullscreen><\/iframe>\n<\/div><\/figure>\n\n\n\n<p>Avausraidan j\u00e4lkeen koin, ettei minulla ollut toiseksi raidaksi sopivaa kappaletta. Kun ensimm\u00e4inen biisi iskee kovaa, ei voinut tiputtaa suoraan Iltalaulu kappaleeseen, joka oli jo tehtyn\u00e4 ja seuraavana levyn kokonaisuudessa. T\u00e4m\u00e4n lis\u00e4ksi olin tehnyt koeluontoisena ensiteoksena punk henkisen <a href=\"https:\/\/youtube.com\/shorts\/I3v2BKM6B8Y?feature=share\" target=\"_blank\" rel=\"noreferrer noopener\">Voiman Antoi<\/a> biisin aiemmin. T\u00e4m\u00e4 ei kuulu Siev\u00e4sen Sillalle, mutta halusin kajota siin\u00e4 raapaistuihin tapahtumiin. Niinp\u00e4 k\u00e4vin tekem\u00e4\u00e4n Luokkaretki biisi\u00e4. Yhten\u00e4 aamuna her\u00e4tess\u00e4 oli mieless\u00e4, miten sen sanoitus voisi p\u00e4\u00e4piirteiss\u00e4 menn\u00e4. Jos oikein muista, hipsin aikaisin koneen \u00e4\u00e4reen ja ty\u00f6stin sanoituksen valmiiksi. Muistan, ett\u00e4 oli kiusaus laittaa liikaa yksityiskohtia tarinaan. Mutta oivalsin, ett\u00e4 pit\u00e4\u00e4 vet\u00e4\u00e4 mutkia suoraksi, eik\u00e4 uuvuttaa kuulijaa ylim\u00e4\u00e4r\u00e4isiin yksityiskohtiin. Kaiken keskell\u00e4 oli suunnaton kiitollisuus kaikesta ja annoin sen purkautua sanoitukseen.<\/p>\n\n\n\n<p><strong>Iltalaulu<\/strong><\/p>\n\n\n\n<figure class=\"wp-block-embed is-type-video is-provider-youtube wp-block-embed-youtube wp-embed-aspect-4-3 wp-has-aspect-ratio\"><div class=\"wp-block-embed__wrapper\">\n<iframe loading=\"lazy\" title=\"Siev\u00e4sen Silta - Iltalaulu\" width=\"584\" height=\"438\" src=\"https:\/\/www.youtube.com\/embed\/axtBNUqxgHc?feature=oembed\" frameborder=\"0\" allow=\"accelerometer; autoplay; clipboard-write; encrypted-media; gyroscope; picture-in-picture; web-share\" referrerpolicy=\"strict-origin-when-cross-origin\" allowfullscreen><\/iframe>\n<\/div><\/figure>\n\n\n\n<p>T\u00e4m\u00e4 on itselle yksi lempilapsista levyll\u00e4. Sen tekoprosessin keskell\u00e4 elin kaukaisessa maassa ja oli j\u00e4rjestelt\u00e4v\u00e4 sielt\u00e4 muutto l\u00e4hemm\u00e4ksi Suomea. Stressi\u00e4 pukkasi monella tavalla. Elettiin p\u00e4\u00e4si\u00e4isen alusaikaa. P\u00e4\u00e4si\u00e4ist\u00e4 edelt\u00e4\u00e4 paaston aika. Luterilaisittain paasto on hyvin monimuotoinen. Vaimoni kanssa todettiin, ett\u00e4 nyt koetetaan paastota murehtimisesta. Vaikeatahan se oli, kun oli isot py\u00f6r\u00e4t liikkeell\u00e4. Miettiess\u00e4 Iltalaulu-nime\u00e4 kantavaa kappaletta, minulle tuli monia ideoita mieleen, mist\u00e4 kappaleen tekisin. H\u00e4mment\u00e4v\u00e4\u00e4 on se, ett\u00e4 kun aloin tekem\u00e4\u00e4n sit\u00e4, ajatukseni ajautuivat aivan toisaalle. Mutta vaikka esity\u00f6st\u00e4 ei j\u00e4\u00e4nyt j\u00e4lke\u00e4 kappaleeseen, luulen, ett\u00e4 ilman sit\u00e4 en olisi p\u00e4\u00e4tynyt t\u00e4llaiseen sanotukseen. Biisin ensimm\u00e4isest\u00e4 versiosta puuttui \u201dPuolet Pet\u00e4j\u00e4ist\u00e4\u201d, eli viimeinen s\u00e4keist\u00f6. Se odottikin jonkin aikaa aikaansa, sill\u00e4 en ensin aivan ymm\u00e4rt\u00e4nyt tarinaa, jonka kirjoitin. Sitten v\u00e4l\u00e4hti mist\u00e4 on kyse ja viimeinen s\u00e4keist\u00f6 putkahti maailmaan. Monta kertaa t\u00e4t\u00e4 tuli illalla kuunneltua ja kannustettua itse\u00e4\u00e4n paastoamaan murehtimisesta. Ehdoton suosikki levyll\u00e4.<\/p>\n\n\n\n<p><strong>Opettajan Tarina<\/strong><\/p>\n\n\n\n<figure class=\"wp-block-embed is-type-video is-provider-youtube wp-block-embed-youtube wp-embed-aspect-4-3 wp-has-aspect-ratio\"><div class=\"wp-block-embed__wrapper\">\n<iframe loading=\"lazy\" title=\"Siev\u00e4sen Silta - Opettajan Tarina\" width=\"584\" height=\"438\" src=\"https:\/\/www.youtube.com\/embed\/5SyOjdKcqHY?feature=oembed\" frameborder=\"0\" allow=\"accelerometer; autoplay; clipboard-write; encrypted-media; gyroscope; picture-in-picture; web-share\" referrerpolicy=\"strict-origin-when-cross-origin\" allowfullscreen><\/iframe>\n<\/div><\/figure>\n\n\n\n<p>T\u00e4m\u00e4 tarina oli alusta saakka mieless\u00e4. Tein useita lauluja ajatellen, ett\u00e4 t\u00e4h\u00e4n pit\u00e4\u00e4 tarttua. Jostakin syyst\u00e4 se lykk\u00e4\u00e4ntyi muiden biibien ty\u00f6nt\u00e4m\u00e4n\u00e4. Valitettavasti en muista opettajan nime\u00e4, enk\u00e4 nyt ole pystynyt mist\u00e4\u00e4n sit\u00e4 kaivelemaan. Tarina todellakin kosketti. Muutenkin opettaja tuntuu j\u00e4tt\u00e4neen hyv\u00e4n j\u00e4ljen el\u00e4m\u00e4\u00e4n. H\u00e4n tarinansa sijoittui kohtaamiseen Marjomaa nimisess\u00e4 kaupassa. Muistan kun paljon my\u00f6hemmin istuin sen rappusilla <strong>Viisas Syd\u00e4n<\/strong> kappaleen yst\u00e4v\u00e4n kanssa. Joimme Schweppes limsaa ja s\u00f6imme Mustafa nimist\u00e4 j\u00e4\u00e4tel\u00f6\u00e4. Noina hetkin\u00e4 muistin, ett\u00e4 opettajan kohtalokas kohtaaminen oli tapahtunut juuri kaupassa, jonka edess\u00e4 istuimme.<\/p>\n\n\n\n<p><strong>Viisas Syd\u00e4n<\/strong><\/p>\n\n\n\n<figure class=\"wp-block-embed is-type-video is-provider-youtube wp-block-embed-youtube wp-embed-aspect-4-3 wp-has-aspect-ratio\"><div class=\"wp-block-embed__wrapper\">\n<iframe loading=\"lazy\" title=\"Siev\u00e4sen Silta - Viisas Syd\u00e4n\" width=\"584\" height=\"438\" src=\"https:\/\/www.youtube.com\/embed\/49wBbQ9WXSY?feature=oembed\" frameborder=\"0\" allow=\"accelerometer; autoplay; clipboard-write; encrypted-media; gyroscope; picture-in-picture; web-share\" referrerpolicy=\"strict-origin-when-cross-origin\" allowfullscreen><\/iframe>\n<\/div><\/figure>\n\n\n\n<p>T\u00e4m\u00e4n biisin tekstin syntyprosessi on hieman kadonnut mielest\u00e4. Sen kuitenkin tein, kun trilogian valmiiksi saatuani p\u00e4\u00e4tin jatkaa biisien tekemist\u00e4. Mutta sen verran muisti pelaa, ett\u00e4 varsinainen tarina on ollut mieless\u00e4 ja el\u00e4m\u00e4ss\u00e4 pitk\u00e4\u00e4n. Kertos\u00e4keen kanssa painiskelin kuitenkin jonkin verran. Se ei meinannut mill\u00e4\u00e4n asettua uomiinsa. Liika tarkkuus ilmaisuissa tuntui tunkevan luovuuden tielle. Lopulta se loksahti kohdalleen ja siihen sis\u00e4ltyy yksi levyn rakkaimmista virkkeist\u00e4 tai laineista, miten niit\u00e4 nyt sitten sanotaan: \u201d<em>Joskus sit\u00e4 kaatuu, eik\u00e4 nouse en\u00e4\u00e4<\/em>\u201d.<\/p>\n\n\n\n<p><strong>Enkeleit\u00e4 Matkassa<\/strong><\/p>\n\n\n\n<figure class=\"wp-block-embed is-type-video is-provider-youtube wp-block-embed-youtube wp-embed-aspect-4-3 wp-has-aspect-ratio\"><div class=\"wp-block-embed__wrapper\">\n<iframe loading=\"lazy\" title=\"Siev\u00e4sen Silta - Enkeleit\u00e4 Matkassa\" width=\"584\" height=\"438\" src=\"https:\/\/www.youtube.com\/embed\/8-huDVWj4KA?feature=oembed\" frameborder=\"0\" allow=\"accelerometer; autoplay; clipboard-write; encrypted-media; gyroscope; picture-in-picture; web-share\" referrerpolicy=\"strict-origin-when-cross-origin\" allowfullscreen><\/iframe>\n<\/div><\/figure>\n\n\n\n<p>T\u00e4m\u00e4 syntyi luomisprosessissa kolmantena, siis trilogia ajatuksen t\u00e4ydellist\u00e4j\u00e4n\u00e4. Sanoitusta joutui hieromaan jonkin aikaa, jotta se loksahti kohdalleen ja se kannatti. L\u00e4hdettiin paluumatkalle Pylk\u00f6nm\u00e4elt\u00e4, jota sill\u00e4 seudulla kutsuimme siihen aikaan ulkomaaksi. Paluumatkalla koukkasimme Kuoppalan hiekkatielle. Auriko paistoi ja meid\u00e4n oli hyv\u00e4 tehd\u00e4 matkaa. Monilla on varmaan omat Enkeleit\u00e4 Matkassa kokemukset \u2013 eiv\u00e4tk\u00e4 ne rajoitu lapsuuteen ja nuoruuteen. T\u00e4m\u00e4n biisin my\u00f6t\u00e4 tajusin, ett\u00e4 t\u00e4lle esitt\u00e4v\u00e4lle yhtyeelle on keksitt\u00e4v\u00e4 nimi. Biisin video my\u00f6s mukailee yhtyeen nime\u00e4.<\/p>\n\n\n\n<p><strong>Uusi Alku<\/strong><\/p>\n\n\n\n<figure class=\"wp-block-embed is-type-video is-provider-youtube wp-block-embed-youtube wp-embed-aspect-4-3 wp-has-aspect-ratio\"><div class=\"wp-block-embed__wrapper\">\n<iframe loading=\"lazy\" title=\"Siev\u00e4sen Silta - Uusi Alku\" width=\"584\" height=\"438\" src=\"https:\/\/www.youtube.com\/embed\/yH-MqDGDqSM?feature=oembed\" frameborder=\"0\" allow=\"accelerometer; autoplay; clipboard-write; encrypted-media; gyroscope; picture-in-picture; web-share\" referrerpolicy=\"strict-origin-when-cross-origin\" allowfullscreen><\/iframe>\n<\/div><\/figure>\n\n\n\n<p>T\u00e4m\u00e4 on toinen kappale, joka levylle tein. L\u00e4ht\u00f6kohtana oli tehd\u00e4 videokuvitettu biisi, kuten <strong>Kuva Putkiradiossa<\/strong> \u2013 jonka tein video mieless\u00e4. Vaikea on tiet\u00e4\u00e4, miten kukin millaisenkin tarinan kokee. Halusin menn\u00e4 t\u00e4ss\u00e4 pintaa syvemm\u00e4ll\u00e4. Meill\u00e4 jokaisella on monenlaisia t\u00f6pp\u00e4yksi\u00e4 el\u00e4m\u00e4ss\u00e4. Itsell\u00e4nikin olisi ollut valinnan varaa t\u00e4m\u00e4n biisin sanoituksiin. Mutta kun alussa olin tekem\u00e4ss\u00e4 trilogiaa, jossa ensimm\u00e4inen tarina oli lapsuudesta, toinen oli luonnollista tehd\u00e4 rippikoului\u00e4st\u00e4. Sanoituksen lis\u00e4ksi nautin suuresti my\u00f6s videon luomisprosessista. Saattoi olla, ett\u00e4 sit\u00e4 luodessa aika unohtui ja y\u00f6 ehti jo laskeutua.<\/p>\n\n\n\n<p><strong>Kuva Putkiradiossa<\/strong><\/p>\n\n\n\n<figure class=\"wp-block-embed is-type-video is-provider-youtube wp-block-embed-youtube wp-embed-aspect-9-16 wp-has-aspect-ratio\"><div class=\"wp-block-embed__wrapper\">\n<iframe loading=\"lazy\" title=\"Siev\u00e4sen Silta - Kuva Putkiradiossa\" width=\"493\" height=\"876\" src=\"https:\/\/www.youtube.com\/embed\/muiJVR1gVdg?feature=oembed\" frameborder=\"0\" allow=\"accelerometer; autoplay; clipboard-write; encrypted-media; gyroscope; picture-in-picture; web-share\" referrerpolicy=\"strict-origin-when-cross-origin\" allowfullscreen><\/iframe>\n<\/div><\/figure>\n\n\n\n<p>T\u00e4m\u00e4 on Siev\u00e4sen Sillan ensimm\u00e4inen biisi. Tai ei yhtyeell\u00e4 silloin ollut viel\u00e4 nime\u00e4. L\u00e4hdin tekem\u00e4\u00e4n videokuvitettua sanoitusta. Tarina tuli itse oikeutettuna mieleen. Tuo putkiradio on edelleen tallessa, tarkastin sit\u00e4 sen s\u00e4ilytyspaikasta \u2013 valitettavasti viimeisen muuton vaiheissa kuva oli kadonnut. Muistelen, ett\u00e4 laitoin sen talteen, ettei se katoaisi muutossa. Mutta silti se on nyt kadoksissa. Tarinaa hioessa oli ohitettava se tosiseikka, ett\u00e4 putkiradio oli jo tarinan ajankohtaan j\u00e4\u00e4nyt kuuntelulaitteena kasettimankan jalkoihin. Se kyll\u00e4 oli siin\u00e4 hyllyss\u00e4 meit\u00e4 katselemassa, mutta meid\u00e4n sormemme olivat kasettimankan PLAY ja REC painikkeilla valmiina nuorten s\u00e4vellahjan aikaan. T\u00e4st\u00e4 biisist\u00e4 koko <strong>Siev\u00e4sen Silta<\/strong> sai alkunsa.<\/p>\n\n\n\n<p><strong>Kantavaa Maata<\/strong><\/p>\n\n\n\n<figure class=\"wp-block-embed is-type-video is-provider-youtube wp-block-embed-youtube wp-embed-aspect-4-3 wp-has-aspect-ratio\"><div class=\"wp-block-embed__wrapper\">\n<iframe loading=\"lazy\" title=\"Siev\u00e4sen Silta - Kantavaa Maata\" width=\"584\" height=\"438\" src=\"https:\/\/www.youtube.com\/embed\/z3fkK6BP0j0?feature=oembed\" frameborder=\"0\" allow=\"accelerometer; autoplay; clipboard-write; encrypted-media; gyroscope; picture-in-picture; web-share\" referrerpolicy=\"strict-origin-when-cross-origin\" allowfullscreen><\/iframe>\n<\/div><\/figure>\n\n\n\n<p>Olin tehnyt levyn aloitusraidan ja toisenkin. Oli aika alkaa rakentaa kokonaisuudelle loppua. Totesin biisij\u00e4rjestyst\u00e4 pohtiessa, ett\u00e4 levyn loppuun tarvitsen kaksi biisi\u00e4, muuten se kaartuu liian nopeasti loppuun. Tarina biisin takana oli odottanut tarttumista. Ensin l\u00e4hdin vaivaamaan sit\u00e4 toisella lailla, mutta ymm\u00e4rsin pian, ett\u00e4 pit\u00e4\u00e4 vet\u00e4\u00e4 j\u00e4lleen mutkia suoriksi ja antaa palaa. Niinp\u00e4 sanoin hyv\u00e4stit rakkaille nyansseille tarinassa ja kirjoitin <strong>Kantavaa Maata<\/strong> kappaleen. Alun perin sen ty\u00f6nimi oli toisenlainen, mutta niin on ollut monen muunkin kappaleen. Yksi n\u00e4k\u00f6kulma biisin tekemiseen oli se, ett\u00e4 t\u00e4ll\u00e4 biisill\u00e4 noustaan kohti levyn varsinaista loppuhuipentumaa. Siksi halusin k\u00e4sitell\u00e4 vakavaa aihetta iloisen reippaasti.<\/p>\n\n\n\n<p><strong>Kiitos Ja Ylistys<\/strong><\/p>\n\n\n\n<figure class=\"wp-block-embed is-type-video is-provider-youtube wp-block-embed-youtube wp-embed-aspect-4-3 wp-has-aspect-ratio\"><div class=\"wp-block-embed__wrapper\">\n<iframe loading=\"lazy\" title=\"Siev\u00e4sen Silta - Kiitos Ja Ylistys\" width=\"584\" height=\"438\" src=\"https:\/\/www.youtube.com\/embed\/QI8VFodtcn0?feature=oembed\" frameborder=\"0\" allow=\"accelerometer; autoplay; clipboard-write; encrypted-media; gyroscope; picture-in-picture; web-share\" referrerpolicy=\"strict-origin-when-cross-origin\" allowfullscreen><\/iframe>\n<\/div><\/figure>\n\n\n\n<p>No niin. Oli k\u00e4yt\u00e4v\u00e4 tekem\u00e4\u00e4n viimeist\u00e4 biisi\u00e4. Levyn tarinoissa oli rakkaita yksityiskohtia ja sen tekoprosessista nousseen kiitollisuuden halusin n\u00e4ky\u00e4 ja kuulua niiden lis\u00e4ksi biisiss\u00e4. Kerran p\u00e4\u00e4tin l\u00e4hte\u00e4 ulkomaisen b\u00e4ndin konserttiin ihan siit\u00e4 syyst\u00e4, etten ollut suurien starojen konsertissa k\u00e4ynyt. Keikka oli hyv\u00e4 ja teki vaikutuksen &#8211; vaikken yhtyett\u00e4 ollut ennen kuunnellut. Viimeisen\u00e4 he vetiv\u00e4t biisin, joka kasvoi ja kasvoi loppua kohti. Koko halli ymm\u00e4rsi, ettei t\u00e4m\u00e4n biisin j\u00e4lkeen en\u00e4\u00e4 soiteta mit\u00e4\u00e4n. B\u00e4ndi pisti kaiken likoon ja kun se sitten p\u00e4\u00e4ttyi, oli selv\u00e4\u00e4, ett\u00e4 keikka oli t\u00e4ss\u00e4. Niinp\u00e4 koetin toistaa t\u00e4m\u00e4n <strong>Kiitos Ja Ylistys<\/strong> biisi\u00e4 tehdess\u00e4. Mielest\u00e4ni sen \u00e4\u00e4rell\u00e4 kyll\u00e4 ymm\u00e4rt\u00e4\u00e4, ett\u00e4 t\u00e4h\u00e4n levy p\u00e4\u00e4ttyy. Tarinat on kerrottu ja levy sulkeutuu. Kiitos ja Ylistys!<\/p>\n\n\n\n<p>*) Toteutuksesta viel\u00e4 lopuksi muutama selvent\u00e4v\u00e4 sana. Laulujen sanoitukset ovat 100% itseni tekemi\u00e4, niihin en ole k\u00e4ytt\u00e4nyt teko\u00e4lyohjelmia. Musiikillinen ilmaisu on luotu SUNO ohjelmalla ja videoiden videop\u00e4tk\u00e4t on luotu GROK ohjelmalla. Itse videoiden kokoamisen olen tehnyt YouCut videoeditorilla. Levyn loin talvella 2026.<\/p>\n","protected":false},"excerpt":{"rendered":"<p>Siev\u00e4sen Silta &#8211; Puolet Pet\u00e4j\u00e4ist\u00e4 Talvella 2026 mieleni valtasi luovuus. Opin k\u00e4ytt\u00e4m\u00e4\u00e4n muutamaa teko\u00e4lyohjelmaa ja niill\u00e4 olin p\u00e4\u00e4tynyt tekem\u00e4\u00e4n musiikkia. Tein Kuva Putkiradiossa biisin videon kera. Ajattelin, ett\u00e4 teen muutaman biisin videon kera, tarkalleen trilogian. Seuraavana tein Uusi Alku biisin &hellip; <a href=\"https:\/\/veijoolli.net\/\">Lue loppuun <span class=\"meta-nav\">&rarr;<\/span><\/a><\/p>\n","protected":false},"author":1,"featured_media":1409,"parent":0,"menu_order":0,"comment_status":"closed","ping_status":"closed","template":"","meta":{"footnotes":""},"class_list":["post-1395","page","type-page","status-publish","has-post-thumbnail","hentry"],"_links":{"self":[{"href":"https:\/\/veijoolli.net\/index.php?rest_route=\/wp\/v2\/pages\/1395","targetHints":{"allow":["GET"]}}],"collection":[{"href":"https:\/\/veijoolli.net\/index.php?rest_route=\/wp\/v2\/pages"}],"about":[{"href":"https:\/\/veijoolli.net\/index.php?rest_route=\/wp\/v2\/types\/page"}],"author":[{"embeddable":true,"href":"https:\/\/veijoolli.net\/index.php?rest_route=\/wp\/v2\/users\/1"}],"replies":[{"embeddable":true,"href":"https:\/\/veijoolli.net\/index.php?rest_route=%2Fwp%2Fv2%2Fcomments&post=1395"}],"version-history":[{"count":19,"href":"https:\/\/veijoolli.net\/index.php?rest_route=\/wp\/v2\/pages\/1395\/revisions"}],"predecessor-version":[{"id":1421,"href":"https:\/\/veijoolli.net\/index.php?rest_route=\/wp\/v2\/pages\/1395\/revisions\/1421"}],"wp:featuredmedia":[{"embeddable":true,"href":"https:\/\/veijoolli.net\/index.php?rest_route=\/wp\/v2\/media\/1409"}],"wp:attachment":[{"href":"https:\/\/veijoolli.net\/index.php?rest_route=%2Fwp%2Fv2%2Fmedia&parent=1395"}],"curies":[{"name":"wp","href":"https:\/\/api.w.org\/{rel}","templated":true}]}}